(8/(-24))/((-3)/18). Suppose -960 - 13414 = -x - a, d*a + 14359 = x. Suppose -4*f = -0*f - j - x, -j = -3. Is f prime?
True
Suppose 0 = -66*m + 138*m + 69*m - 764075757. Is m a prime number?
True
Let j(r) = -24*r**3 - 19*r**2 - 40*r + 16. Is j(-19) prime?
False
Let a(i) = 24*i**2 + 32*i + 47. Let l = -304 - -292. Is a(l) composite?
False
Let t(p) be the second derivative of -p**5/20 - p**4/6 + 7*p**3/2 - 37*p**2/2 + 2*p + 3. Is t(-12) a composite number?
False
Suppose -7*p + 17*p = 38400. Let r = 42487 + p. Is r a composite number?
False
Let d = -192782 + 309501. Is d prime?
True
Is 84*(-87681)/(-44) - 10 prime?
True
Is -111*((7731493/132)/(-31) + 2/(-8)) composite?
True
Is ((-12)/8)/(7/(-42716982)*9 - 0) a composite number?
True
Let i be (6 + 44788)*((-15)/(-6))/5. Let o = i + -15004. Is o a prime number?
True
Suppose 2*b + 4375 = 9*b. Let h = b + 34. Is h a composite number?
False
Let r(w) = 4*w**2 - 10*w + 52. Let o be r(4). Let g = o + 2475. Is g prime?
True
Is (-5 + (-24)/(-6))/((-25)/1180525) composite?
False
Let f(n) = -9954*n - 319. Is f(-18) prime?
True
Let q be 520/195*((-2)/(-2) + 23). Let x(b) = 343*b - 3. Let z be x(-2). Let w = q - z. Is w composite?
True
Let w = 538588 + 248533. Is w composite?
True
Suppose 0 = -77*a + 383*a - 8652762. Is a composite?
False
Suppose 4*w + 962 = 3*p - p, -3*w + 4*p = 719. Let c be ((-1)/(-1) - -1) + (-4 - w). Suppose -4*h - c = -5*h. Is h a prime number?
True
Let n be (-8 - -4) + (-23154)/(-2). Let k = n + -3970. Is k a composite number?
False
Suppose -3*d = 2*w - 4*w - 31, 0 = 4*d - 4. Let t(h) be the second derivative of h**5/20 + 4*h**4/3 + 13*h**3/6 + 3*h**2/2 - 5*h. Is t(w) prime?
False
Suppose 2*m + 3*d = 41744, m - 9069 = -d + 11801. Suppose -g = g - m. Is g prime?
True
Suppose -2*n - 125 = 3*x, 2*n - 3*x + 302 = -3*n. Let t = n - -83. Is (t/33)/(-1 - (-6886)/6882) a composite number?
True
Let c(w) = w**3 - 9*w**2 - 13*w + 21. Let b be c(10). Is (-11063)/(-2) - b/(-18) composite?
False
Let h be (-2)/4 - (-2)/(8/94). Let c = -18 + h. Suppose c*o - 4465 + 550 = 4*a, 4*o - 3158 = -2*a. Is o a composite number?
False
Suppose -143689 = -3*v + 121958. Is v composite?
True
Let d(b) = -3*b**3 - 30*b**2 - 2. Let z(s) = 2*s**3 + 20*s**2 + 1. Let p(q) = 5*d(q) + 8*z(q). Let a be p(-10). Is -2 - (a + -1181 - (-3 + -1)) a prime number?
False
Let x(k) = -k**3 - 6*k**2 + 3*k - 25. Let q be x(11). Let i = -1210 - q. Is i a prime number?
True
Is (32 - 12)/2 - -84631 composite?
True
Let h be -12*(-2)/(-9)*3. Let n be 2/h - 6/(-24). Is (-2 - (-5 + (2 - n)))*337 a composite number?
False
Suppose -3*c = 3*d - 74304, 5*c - d + 11596 = 135466. Is c composite?
True
Let d(y) be the third derivative of -y**6/120 + 3*y**5/10 - 7*y**4/12 - 3*y**3 + 6*y**2. Suppose 56 = 4*w - 2*b - 2*b, 0 = 3*b - 3. Is d(w) composite?
True
Let u be ((1 - -2) + -7)*2/4. Let v be (-24)/36*(-3)/u. Is (8 - -23)/(v - 4/(-2)) composite?
False
Let z be 49535/19 + (-8)/76. Suppose 5*d - 4345 = f, -8*f + z = 3*d - 7*f. Is d composite?
True
Let q(z) = 399*z**2 + 2643*z**2 + 9 + 21 - 10*z - 39. Is q(-1) a prime number?
False
Suppose -20 = 5*g + 6*o - 10*o, -5*g - 5*o + 25 = 0. Suppose g*v = 3*v - 3*r + 3750, 5*v = 4*r - 6249. Let p = v + 2784. Is p prime?
False
Let u = 24600 - 9071. Is u a prime number?
False
Suppose 49*x - 5737445 = -227*x + 92115043. Is x a composite number?
True
Suppose 4*n = 3*x - 36205, 4*n = 223*x - 222*x - 12063. Is x a prime number?
True
Let v = -10314 - -2024. Let k = 15713 + v. Is k prime?
False
Suppose 69*b - 43*b = 4257422. Is b a prime number?
False
Let w(k) = 6*k**2 + 15*k - 13. Let u be (-5 + 21/9)*3. Is w(u) a composite number?
False
Suppose 5*j + 12 = j. Is ((-210)/4 + j)/((-3)/58) a composite number?
True
Let u(t) = t**3 - 27*t**2 - 10*t - 25. Let c be ((-56)/6)/(4/(-12)). Is u(c) a composite number?
False
Let c = 37 - 34. Suppose -2*r = -c*r + 276. Let y = -197 + r. Is y a composite number?
False
Let s(m) = 46*m**2 + 4*m - 8. Let w be s(-3). Suppose 4*o = -w + 98. Let u = 843 + o. Is u prime?
True
Let p(o) = 154*o - 5. Suppose 4 = -2*n + 16. Suppose -4*r - 2*r + n = 0. Is p(r) a composite number?
False
Suppose 8352 + 6265 = l - 5*u, -2*l - 5*u + 29174 = 0. Suppose 24291 = 8*m - l. Is m prime?
True
Let l(f) = 593720*f + 7273. Is l(3) prime?
True
Let b(l) = 231*l + 26. Let r be b(5). Suppose 5*t + r = -3*g, -4*t - 1191 = 4*g + 397. Let i = 731 + g. Is i prime?
False
Suppose -b - 4*b = -5*s - 75, 5*s = b - 11. Is ((-2)/3 - -1)/(b/63792) composite?
True
Let t be (-6)/(-9) + ((-22843)/(-3))/1. Let o = t - 4694. Is o a composite number?
True
Let d(u) = 4*u**2 - 30*u + 47. Let r be 0/(3/1) + 3. Suppose -r*m + 134 = 71. Is d(m) a prime number?
True
Suppose -32*a = -2710754 - 85630. Is a composite?
True
Is 6/2*(-603195)/(-165)*11/3 a composite number?
False
Is (-680548)/(-220) + (-8)/20 prime?
False
Suppose 48*y - 53551 = 1134257. Is y a prime number?
False
Suppose -187*s = -579*s + 422817864. Is s a prime number?
False
Let u(z) be the third derivative of 2*z**4/3 - z**3/6 + 2*z**2. Suppose y - 30*y + 29 = 0. Is u(y) prime?
False
Suppose 0 = 2*a - 4*k - 22, 0 = 9*a - 12*a + k + 13. Suppose a*m - s = 1734, 3*m - 2*s = 3*s + 1722. Is m composite?
True
Suppose -1389*x + 1372*x = -1922819. Is x a prime number?
False
Let x = -220 + 222. Is 0 + (-36440)/(-12) + x/6 prime?
True
Suppose 3*q + 3 = -2*v - 0*v, 0 = 3*q - 2*v + 15. Is 42/36*3*(q + 3649) a composite number?
True
Let t(b) = -4*b**3 - 3*b**2 - 4*b - 9. Let q = 42 + -85. Let d = 37 + q. Is t(d) prime?
False
Let u(c) be the second derivative of 149*c**3/6 + c. Let j be u(4). Let h = 1465 - j. Is h composite?
True
Let h(r) = r**3 + 18*r**2 - 39*r + 17. Let z(t) = -t**3 + 14*t**2 - 3*t + 30. Let a be z(14). Is h(a) a prime number?
False
Suppose -13*m + 174 = -19*m. Let f(k) = -65*k - 362. Is f(m) prime?
True
Let w(p) = 3*p**2 - 3*p - 3. Let l be w(-1). Let m(z) = -2*z + 10. Let f be m(l). Let b(a) = 21*a + 13. Is b(f) composite?
False
Let b(v) = v**2 - v - 4. Let f be b(3). Let g be 91/52 - 2305/(-4). Suppose 5*t = 2*u - 606, -g = -2*u - 0*t - f*t. Is u prime?
True
Suppose 3*j + 0*v = -4*v + 56362, -2*j = v - 37568. Is j composite?
True
Suppose 17*g - 15*g = -2*v + 615454, -3*v + 3077312 = 10*g. Is g prime?
True
Suppose 2*s - 164830 = 4*i - 908, 2*s + 4*i - 163946 = 0. Is s a prime number?
True
Suppose 7*v = 10*v + 126525. Is (4/4)/(5*(-5)/v) prime?
False
Let w = 84953 + -29374. Is w a prime number?
True
Suppose -14*o + 79 = 21*o + 9. Let s(i) = 363*i + 3 + 318*i - 8. Is s(o) composite?
True
Let x(q) = 4*q**3 + 23*q**2 + 77*q - 25. Is x(26) prime?
False
Let u(b) = -48*b + 5. Let d = -16 - 25. Let f = d + 22. Is u(f) a composite number?
True
Suppose 2*z = -6*z - 18*z + 4933318. Is z composite?
False
Let y(u) = 489*u**3 - u**2 - 3. Let c be 4 - 6/2 - 4. Let x be y(c). Is (-1)/(1*x/(-6609) + -2) a prime number?
True
Suppose 4*w - 6*w - 4*r = -23834, -11945 = -w + 5*r. Let k = -5578 + w. Is k composite?
True
Let r be 2 - (60/(-16))/((-9)/12). Is (-2514)/(-4)*r/(-9)*2 prime?
True
Let g = -385 - -1288. Suppose n + 3*k - g = 0, -5*n + 2*k + 1810 = -2773. Suppose -n = -2*z + 4927. Is z a prime number?
False
Suppose b + 2 + 0 = 0. Suppose 5*m = 0, 3*s = -0*s + 5*m + 8784. Is s/14 + b/14 a prime number?
False
Is ((-2)/(-3))/(20/225*30/168460) composite?
True
Suppose 0 = -22*n + 1479957 + 113635. Suppose -n + 15680 = -14*f. Is f composite?
True
Let u = 30392 - 17102. Suppose 4*x = -x + u. Suppose -623 + x = 5*v. Is v a prime number?
False
Is ((-121)/77)/(24/(-2361576)) a composite number?
True
Suppose -2*o + 30 = 2*g, -2*o + 3*o = 2*g. Suppose 4*z = 12*m - o*m - 10714, 3*z + 16065 = 3*m. Is m a prime number?
False
Suppose -6553535 = -14*w + 9*w. Suppose -26*t - 35*t + w = 0. Is t composite?
False
Let o(u) = -4 - 354878*u + 354935*u + 2. Let w = -1 - -2. Is o(w) a prime number?
False
Suppose -31*s = -32*s - 4*x + 23862, 2*s - 2*x = 47704. Is s a prime number?
False
Suppose -8*r = 1 - 65. Let y(k) = -5*k**2 + 16*k - 4. Let a(i) = -i**2 - i + 1. Let u(b) = -5*a(b) - y(b). Is u(r) composite?
True
Let j(g) be the first derivative of 14*g**2 - 29*g + 48. Is j(4) a prime number?
True
Let z be ((-204)/(-8))/((-5)/110). Let o = z + 1359. Suppose -4*h + 12 = -0*h, 5*q = -h + o. Is q comp